{"id":2423,"date":"2020-06-23T11:06:46","date_gmt":"2020-06-23T09:06:46","guid":{"rendered":"http:\/\/www.progresser-aux-echecs.com\/?page_id=2423"},"modified":"2025-08-22T20:24:08","modified_gmt":"2025-08-22T18:24:08","slug":"masterclass-sur-youtube-pour-les-clubs","status":"publish","type":"page","link":"https:\/\/progresser-aux-echecs.com\/?page_id=2423","title":{"rendered":"Masterclass clubs"},"content":{"rendered":"\n<p>J&rsquo;anime une masterclass sur zoom chaque mois \u00e0 destination des clubs : <strong>un entra\u00eenement complet<\/strong> en strat\u00e9gie, m\u00e9thodes de calcul, tactique et finales.<br>Ma p\u00e9dagogie est structur\u00e9e et adapt\u00e9e au public : <strong>un travail d&rsquo;entra\u00eeneur qualifi\u00e9<\/strong>. Et je ne suis <strong>pas un youtubeur<\/strong>, mon mod\u00e8le \u00e9conomique ne m&rsquo;oblige pas \u00e0 rechercher des clics.<br><strong>Cours mensuels, le lundi de 20h30 \u00e0 22h<\/strong><\/p>\n\n\n\n<p>Un extrait du replay de ma masterclass de novembre 2024 :<\/p>\n\n\n\n<figure class=\"wp-block-embed is-type-video is-provider-youtube wp-block-embed-youtube wp-embed-aspect-4-3 wp-has-aspect-ratio\"><div class=\"wp-block-embed__wrapper\">\n<iframe loading=\"lazy\" title=\"La pi\u00e8ce hors-jeu\" width=\"750\" height=\"563\" src=\"https:\/\/www.youtube.com\/embed\/Ckyir0rz5UU?feature=oembed\" frameborder=\"0\" allow=\"accelerometer; autoplay; clipboard-write; encrypted-media; gyroscope; picture-in-picture; web-share\" referrerpolicy=\"strict-origin-when-cross-origin\" allowfullscreen><\/iframe>\n<\/div><\/figure>\n\n\n\n<ul class=\"wp-block-list\">\n<li>niveau conseill\u00e9 entre 1100 et 2000 \u00e9lo : des <strong>questions adapt\u00e9es au niveau de chacun<\/strong><\/li>\n\n\n\n<li><strong>un simple lien internet<\/strong> pour suivre le cours en direct sur zoom (\u00e0 projeter dans votre salle de club, ou transmettre le lien \u00e0 vos licenci\u00e9s pour qu&rsquo;ils participent de chez eux)<\/li>\n\n\n\n<li>apr\u00e8s le cours chaque participant re\u00e7oit la page du <strong>replay de la vid\u00e9o<\/strong>, avec <strong>une <em>\u00e9tude lichess<\/em><\/strong>, et souvent <strong>des fiches de m\u00e9thode<\/strong><\/li>\n\n\n\n<li>acc\u00e8s aux <strong>masterclasses des saisons pr\u00e9c\u00e9dentes<\/strong> : une exploration compl\u00e8te et structur\u00e9e de <strong>la strat\u00e9gie<\/strong><\/li>\n<\/ul>\n\n\n\n<p>Exemple : <a href=\"https:\/\/progresser-aux-echecs.com\/?p=3978\">la page du replay de la masterclass 30 de novembre 2023<\/a><\/p>\n\n\n\n<p>Abonnement trimestriel : chaque club inscrit paye <strong>150 euros par trimestre<\/strong>.<\/p>\n\n\n\n<p>Premi\u00e8re s\u00e9ance fin septembre, derni\u00e8re en mai.<br><a href=\"https:\/\/progresser-aux-echecs.com\/?page_id=4275\">Le calendrier des masterclass 2025-2026<\/a><\/p>\n\n\n\n<p>Si vous envisagez d&rsquo;abonner votre club, je vous propose <strong>une s\u00e9ance d&rsquo;essai gratuite<\/strong>.<br><a href=\"https:\/\/progresser-aux-echecs.com\/?page_id=35\">Contactez-moi !<\/a><\/p>\n","protected":false},"excerpt":{"rendered":"<p>J&rsquo;anime une masterclass sur zoom chaque mois \u00e0 destination des clubs : un entra\u00eenement complet en strat\u00e9gie, m\u00e9thodes de calcul, tactique et finales.Ma p\u00e9dagogie est structur\u00e9e et adapt\u00e9e au public : un travail d&rsquo;entra\u00eeneur qualifi\u00e9. Et je ne suis pas un youtubeur, mon mod\u00e8le \u00e9conomique ne m&rsquo;oblige pas \u00e0 rechercher des clics.Cours mensuels, le lundi&hellip; <a class=\"more-link\" href=\"https:\/\/progresser-aux-echecs.com\/?page_id=2423\">Poursuivre la lecture <span class=\"screen-reader-text\">Masterclass clubs<\/span><\/a><\/p>\n","protected":false},"author":1,"featured_media":0,"parent":0,"menu_order":0,"comment_status":"closed","ping_status":"closed","template":"","meta":{"footnotes":""},"class_list":["post-2423","page","type-page","status-publish","hentry","entry"],"_links":{"self":[{"href":"https:\/\/progresser-aux-echecs.com\/index.php?rest_route=\/wp\/v2\/pages\/2423","targetHints":{"allow":["GET"]}}],"collection":[{"href":"https:\/\/progresser-aux-echecs.com\/index.php?rest_route=\/wp\/v2\/pages"}],"about":[{"href":"https:\/\/progresser-aux-echecs.com\/index.php?rest_route=\/wp\/v2\/types\/page"}],"author":[{"embeddable":true,"href":"https:\/\/progresser-aux-echecs.com\/index.php?rest_route=\/wp\/v2\/users\/1"}],"replies":[{"embeddable":true,"href":"https:\/\/progresser-aux-echecs.com\/index.php?rest_route=%2Fwp%2Fv2%2Fcomments&post=2423"}],"version-history":[{"count":30,"href":"https:\/\/progresser-aux-echecs.com\/index.php?rest_route=\/wp\/v2\/pages\/2423\/revisions"}],"predecessor-version":[{"id":4277,"href":"https:\/\/progresser-aux-echecs.com\/index.php?rest_route=\/wp\/v2\/pages\/2423\/revisions\/4277"}],"wp:attachment":[{"href":"https:\/\/progresser-aux-echecs.com\/index.php?rest_route=%2Fwp%2Fv2%2Fmedia&parent=2423"}],"curies":[{"name":"wp","href":"https:\/\/api.w.org\/{rel}","templated":true}]}}