{"id":17,"date":"2014-01-02T18:37:04","date_gmt":"2014-01-02T17:37:04","guid":{"rendered":"http:\/\/www.progresser-aux-echecs.com\/?page_id=17"},"modified":"2023-05-16T11:17:59","modified_gmt":"2023-05-16T09:17:59","slug":"cours-collectifs","status":"publish","type":"page","link":"https:\/\/progresser-aux-echecs.com\/?page_id=17","title":{"rendered":"Cours collectifs &#8211; en pr\u00e9sentiel \/ \u00e0 distance"},"content":{"rendered":"\n<p id=\"grande_mt\">Je donne des <strong>cours<\/strong> dans diff\u00e9rents clubs, pour des joueurs de tous niveaux.<\/p>\n\n\n\n<figure class=\"wp-block-image size-large\"><a href=\"https:\/\/progresser-aux-echecs.com\/wp-content\/uploads\/2021\/07\/avoine-projection.jpg\"><img loading=\"lazy\" decoding=\"async\" width=\"800\" height=\"438\" src=\"http:\/\/www.progresser-aux-echecs.com\/wp-content\/uploads\/2021\/07\/avoine-projection.jpg\" alt=\"\" class=\"wp-image-2898\" srcset=\"https:\/\/progresser-aux-echecs.com\/wp-content\/uploads\/2021\/07\/avoine-projection.jpg 800w, https:\/\/progresser-aux-echecs.com\/wp-content\/uploads\/2021\/07\/avoine-projection-300x164.jpg 300w, https:\/\/progresser-aux-echecs.com\/wp-content\/uploads\/2021\/07\/avoine-projection-768x420.jpg 768w\" sizes=\"auto, (max-width: 800px) 100vw, 800px\" \/><\/a><figcaption class=\"wp-element-caption\">\u00c9tude de partie en salle de projection &#8211; Avoine juin 2021 &#8211; Des conditions d&rsquo;entra\u00eenement exceptionnelles !<\/figcaption><\/figure>\n\n\n\n<p>Les sujets \u00e9tudi\u00e9s :<\/p>\n\n\n\n<ul class=\"wp-block-list\">\n<li><strong>Finales<\/strong> th\u00e9oriques<\/li>\n\n\n\n<li><strong>Finales<\/strong> strat\u00e9giques<\/li>\n\n\n\n<li>Strat\u00e9gie en <strong>Milieu de jeu<\/strong><\/li>\n\n\n\n<li>Tactique<\/li>\n\n\n\n<li>M\u00e9thodes de calcul<\/li>\n\n\n\n<li>M\u00e9thodes positionnelles<\/li>\n\n\n\n<li><strong>Ouvertures<\/strong> : des principes \u00e0 la th\u00e9orie<\/li>\n\n\n\n<li>Analyse de parties<\/li>\n\n\n\n<li>Utilisation du logiciel <strong>Chessbase<\/strong> et de <strong>Lichess<\/strong><\/li>\n<\/ul>\n\n\n<div class=\"wp-block-image\">\n<figure class=\"aligncenter size-large is-resized\"><a href=\"https:\/\/progresser-aux-echecs.com\/wp-content\/uploads\/2021\/07\/image.jpeg\"><img loading=\"lazy\" decoding=\"async\" src=\"http:\/\/www.progresser-aux-echecs.com\/wp-content\/uploads\/2021\/07\/image.jpeg\" alt=\"\" class=\"wp-image-2901\" width=\"406\" height=\"220\" srcset=\"https:\/\/progresser-aux-echecs.com\/wp-content\/uploads\/2021\/07\/image.jpeg 406w, https:\/\/progresser-aux-echecs.com\/wp-content\/uploads\/2021\/07\/image-300x163.jpeg 300w\" sizes=\"auto, (max-width: 406px) 100vw, 406px\" \/><\/a><figcaption class=\"wp-element-caption\">Stage \u00e0 l&rsquo;Echiquier Poitevin en 2008<\/figcaption><\/figure>\n<\/div>\n\n\n<p>J&rsquo;alterne des s\u00e9quences de <strong>cours<\/strong> avec de l&rsquo;<strong>entra\u00eenement pratique. <\/strong>Pendant le cours les \u00e9l\u00e8ves sont r\u00e9guli\u00e8rement invit\u00e9s \u00e0 <strong>participer<\/strong>, \u00e0 proposer des id\u00e9es, et chacun tire un enseignement des solutions et erreurs des autres.<\/p>\n\n\n\n<p>L&rsquo;<strong>entra\u00eenement pratique<\/strong> : tous les \u00e9l\u00e8ves jouent \u00e0 la pendule une position impos\u00e9e (sur le th\u00e8me du cours) les uns contre les autres, et ensuite on analyse ensemble la position jou\u00e9e.<\/p>\n\n\n\n<figure class=\"wp-block-image size-large\"><a href=\"https:\/\/progresser-aux-echecs.com\/wp-content\/uploads\/2021\/07\/avoine-position-a-jouer.jpg\"><img loading=\"lazy\" decoding=\"async\" width=\"800\" height=\"600\" src=\"http:\/\/www.progresser-aux-echecs.com\/wp-content\/uploads\/2021\/07\/avoine-position-a-jouer.jpg\" alt=\"\" class=\"wp-image-2895\" srcset=\"https:\/\/progresser-aux-echecs.com\/wp-content\/uploads\/2021\/07\/avoine-position-a-jouer.jpg 800w, https:\/\/progresser-aux-echecs.com\/wp-content\/uploads\/2021\/07\/avoine-position-a-jouer-300x225.jpg 300w, https:\/\/progresser-aux-echecs.com\/wp-content\/uploads\/2021\/07\/avoine-position-a-jouer-768x576.jpg 768w\" sizes=\"auto, (max-width: 800px) 100vw, 800px\" \/><\/a><figcaption class=\"wp-element-caption\">Entra\u00eenement  sur position impos\u00e9e &#8211; Avoine juin 2021<\/figcaption><\/figure>\n\n\n\n<p>Apr\u00e8s avoir jou\u00e9 une position l&rsquo;analyse en est bien plus efficace&nbsp;! Et c&rsquo;est seulement en pratiquant qu&rsquo;on assimile vraiment un nouveau savoir-faire.<\/p>\n\n\n\n<p><strong>Le mat\u00e9riel<\/strong> n\u00e9cessaire au club : des jeux, pendules et feuilles de parties<br>Je peux apporter mon projecteur ou mon \u00e9chiquier mural.<\/p>\n\n\n<div class=\"wp-block-image\">\n<figure class=\"aligncenter size-large\"><a href=\"https:\/\/progresser-aux-echecs.com\/wp-content\/uploads\/2021\/07\/image-1.jpeg\"><img loading=\"lazy\" decoding=\"async\" width=\"448\" height=\"222\" src=\"http:\/\/www.progresser-aux-echecs.com\/wp-content\/uploads\/2021\/07\/image-1.jpeg\" alt=\"\" class=\"wp-image-2902\" srcset=\"https:\/\/progresser-aux-echecs.com\/wp-content\/uploads\/2021\/07\/image-1.jpeg 448w, https:\/\/progresser-aux-echecs.com\/wp-content\/uploads\/2021\/07\/image-1-300x149.jpeg 300w\" sizes=\"auto, (max-width: 448px) 100vw, 448px\" \/><\/a><figcaption class=\"wp-element-caption\">Stage \u00e0 l\u2019\u00c9chiquier Poitevin en 2008<\/figcaption><\/figure>\n<\/div>\n\n\n<p>Je dispense aussi mes cours collectifs aux clubs <strong>via internet, en direct<\/strong>.<br>On utilise skype ou zoom pour la t\u00e9l\u00e9phonie et le partage d&rsquo;\u00e9cran, et sur place un des joueurs a le micro et me transmet les r\u00e9ponses et questions des joueurs.<\/p>\n\n\n\n<figure class=\"wp-block-image\"><a href=\"https:\/\/www.progresser-aux-echecs.com\/wp-content\/uploads\/2018\/05\/cognac-avril2018.jpg\"><img loading=\"lazy\" decoding=\"async\" width=\"800\" height=\"600\" src=\"http:\/\/www.progresser-aux-echecs.com\/wp-content\/uploads\/2018\/05\/cognac-avril2018.jpg\" alt=\"\" class=\"wp-image-2044\" srcset=\"https:\/\/progresser-aux-echecs.com\/wp-content\/uploads\/2018\/05\/cognac-avril2018.jpg 800w, https:\/\/progresser-aux-echecs.com\/wp-content\/uploads\/2018\/05\/cognac-avril2018-300x225.jpg 300w, https:\/\/progresser-aux-echecs.com\/wp-content\/uploads\/2018\/05\/cognac-avril2018-768x576.jpg 768w\" sizes=\"auto, (max-width: 800px) 100vw, 800px\" \/><\/a><figcaption class=\"wp-element-caption\">Mon cours \u00e0 distance au club de Cognac en 2018<\/figcaption><\/figure>\n\n\n\n<p><strong>Le mat\u00e9riel<\/strong> n\u00e9cessaire au club : un ordinateur, un projecteur, des petites enceintes et une connexion internet (par exemple la 4G d&rsquo;un t\u00e9l\u00e9phone).<\/p>\n\n\n\n<p>Vous souhaitez qu\u2019on organise un <strong>cours<\/strong> ou un <strong>stage<\/strong> pour votre club ?<br><a href=\"https:\/\/www.progresser-aux-echecs.com\/?page_id=35\">Contactez-moi<\/a> pour discuter des moyens techniques, du contenu, conna\u00eetre mes disponibilit\u00e9s et obtenir un devis.<\/p>\n","protected":false},"excerpt":{"rendered":"<p>Je donne des cours dans diff\u00e9rents clubs, pour des joueurs de tous niveaux. Les sujets \u00e9tudi\u00e9s : J&rsquo;alterne des s\u00e9quences de cours avec de l&rsquo;entra\u00eenement pratique. Pendant le cours les \u00e9l\u00e8ves sont r\u00e9guli\u00e8rement invit\u00e9s \u00e0 participer, \u00e0 proposer des id\u00e9es, et chacun tire un enseignement des solutions et erreurs des autres. L&rsquo;entra\u00eenement pratique : tous&hellip; <a class=\"more-link\" href=\"https:\/\/progresser-aux-echecs.com\/?page_id=17\">Poursuivre la lecture <span class=\"screen-reader-text\">Cours collectifs &#8211; en pr\u00e9sentiel \/ \u00e0 distance<\/span><\/a><\/p>\n","protected":false},"author":1,"featured_media":0,"parent":0,"menu_order":0,"comment_status":"closed","ping_status":"closed","template":"","meta":{"footnotes":""},"class_list":["post-17","page","type-page","status-publish","hentry","entry"],"_links":{"self":[{"href":"https:\/\/progresser-aux-echecs.com\/index.php?rest_route=\/wp\/v2\/pages\/17","targetHints":{"allow":["GET"]}}],"collection":[{"href":"https:\/\/progresser-aux-echecs.com\/index.php?rest_route=\/wp\/v2\/pages"}],"about":[{"href":"https:\/\/progresser-aux-echecs.com\/index.php?rest_route=\/wp\/v2\/types\/page"}],"author":[{"embeddable":true,"href":"https:\/\/progresser-aux-echecs.com\/index.php?rest_route=\/wp\/v2\/users\/1"}],"replies":[{"embeddable":true,"href":"https:\/\/progresser-aux-echecs.com\/index.php?rest_route=%2Fwp%2Fv2%2Fcomments&post=17"}],"version-history":[{"count":17,"href":"https:\/\/progresser-aux-echecs.com\/index.php?rest_route=\/wp\/v2\/pages\/17\/revisions"}],"predecessor-version":[{"id":3755,"href":"https:\/\/progresser-aux-echecs.com\/index.php?rest_route=\/wp\/v2\/pages\/17\/revisions\/3755"}],"wp:attachment":[{"href":"https:\/\/progresser-aux-echecs.com\/index.php?rest_route=%2Fwp%2Fv2%2Fmedia&parent=17"}],"curies":[{"name":"wp","href":"https:\/\/api.w.org\/{rel}","templated":true}]}}