{"id":1699,"date":"2018-01-16T12:04:17","date_gmt":"2018-01-16T11:04:17","guid":{"rendered":"http:\/\/www.progresser-aux-echecs.com\/?page_id=1699"},"modified":"2022-07-27T13:48:54","modified_gmt":"2022-07-27T11:48:54","slug":"cherechevski-m-la-strategie-dans-les-finales","status":"publish","type":"page","link":"https:\/\/progresser-aux-echecs.com\/?page_id=1699","title":{"rendered":"Cherechevski M., La strat\u00e9gie dans les finales"},"content":{"rendered":"<h1>Grasset, 1993<\/h1>\n<p><a href=\"https:\/\/www.progresser-aux-echecs.com\/wp-content\/uploads\/2014\/01\/cherechevski.jpg\"><img loading=\"lazy\" decoding=\"async\" class=\"alignright size-full wp-image-641\" src=\"http:\/\/www.progresser-aux-echecs.com\/wp-content\/uploads\/2014\/01\/cherechevski.jpg\" alt=\"cherechevski\" width=\"85\" height=\"145\" \/><\/a>Le <abbr title=\"Ma\u00eetre International\">MI<\/abbr> bi\u00e9lorusse Cherechevski a \u00e9crit ce livre \u00e0 partir d&rsquo;articles du ma\u00eetre sovi\u00e9tique Belavenets et de cours r\u00e9alis\u00e9s conjointement avec Dvoretsky. Il a efficacement <strong>synth\u00e9tis\u00e9<\/strong> leurs id\u00e9es.<\/p>\n<p>Il traite des finales avec encore <strong>plusieurs pi\u00e8ces<\/strong> dans chaque camp, un sujet important car avant d&rsquo;obtenir une finale th\u00e9orique on doit bien passer par l\u00e0.<\/p>\n<p>Un grand succ\u00e8s d&rsquo;\u00e9dition : tir\u00e9 \u00e0 <strong>500 000 exemplaires<\/strong> \u00e0 sa sortie en URSS en 1981, le livre est rapidement \u00e9puis\u00e9\u00a0!<\/p>\n<p>L&rsquo;auteur apporte sa <strong>touche p\u00e9dagogique<\/strong> personnelle : une \u00e9criture claire et \u00e0 la port\u00e9e de tous, avec <strong>peu de variantes<\/strong> et d&rsquo;analyses.<\/p>\n<p>Et surtout les finales ne sont pas class\u00e9es par mat\u00e9riel mais <strong>par m\u00e9thode<\/strong>, par exemple un chapitre a pour titre \u00ab\u00a0ne vous pressez pas\u00a0\u00bb. C&rsquo;est l&rsquo;objectif de cet ouvrage : nous faire comprendre <strong>les id\u00e9es et les m\u00e9thodes<\/strong> en finale.<\/p>\n<p>C&rsquo;est le livre de finales que je conseille en premier, car il se lit comme un roman et donne le go\u00fbt des finales.<\/p>\n<p>Hautement recommand\u00e9 <strong>entre 1200 et 2300<\/strong> \u00e9lo.<\/p>\n","protected":false},"excerpt":{"rendered":"<p>Grasset, 1993 Le MI bi\u00e9lorusse Cherechevski a \u00e9crit ce livre \u00e0 partir d&rsquo;articles du ma\u00eetre sovi\u00e9tique Belavenets et de cours r\u00e9alis\u00e9s conjointement avec Dvoretsky. Il a efficacement synth\u00e9tis\u00e9 leurs id\u00e9es. Il traite des finales avec encore plusieurs pi\u00e8ces dans chaque camp, un sujet important car avant d&rsquo;obtenir une finale th\u00e9orique on doit bien passer par&hellip; <a class=\"more-link\" href=\"https:\/\/progresser-aux-echecs.com\/?page_id=1699\">Poursuivre la lecture <span class=\"screen-reader-text\">Cherechevski M., La strat\u00e9gie dans les finales<\/span><\/a><\/p>\n","protected":false},"author":1,"featured_media":0,"parent":0,"menu_order":0,"comment_status":"closed","ping_status":"closed","template":"","meta":{"footnotes":""},"class_list":["post-1699","page","type-page","status-publish","hentry","entry"],"_links":{"self":[{"href":"https:\/\/progresser-aux-echecs.com\/index.php?rest_route=\/wp\/v2\/pages\/1699","targetHints":{"allow":["GET"]}}],"collection":[{"href":"https:\/\/progresser-aux-echecs.com\/index.php?rest_route=\/wp\/v2\/pages"}],"about":[{"href":"https:\/\/progresser-aux-echecs.com\/index.php?rest_route=\/wp\/v2\/types\/page"}],"author":[{"embeddable":true,"href":"https:\/\/progresser-aux-echecs.com\/index.php?rest_route=\/wp\/v2\/users\/1"}],"replies":[{"embeddable":true,"href":"https:\/\/progresser-aux-echecs.com\/index.php?rest_route=%2Fwp%2Fv2%2Fcomments&post=1699"}],"version-history":[{"count":2,"href":"https:\/\/progresser-aux-echecs.com\/index.php?rest_route=\/wp\/v2\/pages\/1699\/revisions"}],"predecessor-version":[{"id":3316,"href":"https:\/\/progresser-aux-echecs.com\/index.php?rest_route=\/wp\/v2\/pages\/1699\/revisions\/3316"}],"wp:attachment":[{"href":"https:\/\/progresser-aux-echecs.com\/index.php?rest_route=%2Fwp%2Fv2%2Fmedia&parent=1699"}],"curies":[{"name":"wp","href":"https:\/\/api.w.org\/{rel}","templated":true}]}}