{"id":1682,"date":"2018-01-16T11:47:39","date_gmt":"2018-01-16T10:47:39","guid":{"rendered":"http:\/\/www.progresser-aux-echecs.com\/?page_id=1682"},"modified":"2022-07-27T13:45:17","modified_gmt":"2022-07-27T11:45:17","slug":"dvoretsky-m-secrets-of-chess-tactics","status":"publish","type":"page","link":"https:\/\/progresser-aux-echecs.com\/?page_id=1682","title":{"rendered":"Dvoretsky M., Secrets of Chess Tactics"},"content":{"rendered":"<h1>Batsford, 1992<\/h1>\n<p><a href=\"https:\/\/www.progresser-aux-echecs.com\/wp-content\/uploads\/2014\/01\/dvo_tactics.jpg\"><img loading=\"lazy\" decoding=\"async\" class=\"alignright size-full wp-image-637\" src=\"http:\/\/www.progresser-aux-echecs.com\/wp-content\/uploads\/2014\/01\/dvo_tactics.jpg\" alt=\"dvo_tactics\" width=\"93\" height=\"145\" \/><\/a>Combinaisons tactiques, attaque, d\u00e9fense, d\u00e9cisions pratiques : tous ces th\u00e8mes et beaucoup d\u2019autres sont \u00e9tudi\u00e9s sous tous les angles dans cet excellent livre, un classique de Dvoretsky.<\/p>\n<p>Attention : fid\u00e8le \u00e0 son style l\u2019auteur n\u2019a pas pour but de vous mettre en confiance, mais de vous faire prendre conscience du <strong>travail<\/strong> qu\u2019il reste <strong>\u00e0 accomplir<\/strong>. Parfois, apr\u00e8s avoir essay\u00e9 en vain de r\u00e9soudre un exercice tr\u00e8s difficile, on peut \u00eatre surpris de lire que la solution est, selon Dvoretsky, triviale\u00a0!<\/p>\n<p>Le texte se lit comme un roman, ou plut\u00f4t un recueil de nouvelles, mais les exercices demandent beaucoup d\u2019<strong>implication<\/strong> et de concentration si vous voulez en tirer le maximum.<\/p>\n<p>Une nouvelle version est sortie chez Olms en 2003 sous le titre School of Excellence 2 : Tactical Play.<\/p>\n<p>Elo <strong>minimum : 2000<\/strong>.<\/p>\n","protected":false},"excerpt":{"rendered":"<p>Batsford, 1992 Combinaisons tactiques, attaque, d\u00e9fense, d\u00e9cisions pratiques : tous ces th\u00e8mes et beaucoup d\u2019autres sont \u00e9tudi\u00e9s sous tous les angles dans cet excellent livre, un classique de Dvoretsky. Attention : fid\u00e8le \u00e0 son style l\u2019auteur n\u2019a pas pour but de vous mettre en confiance, mais de vous faire prendre conscience du travail qu\u2019il reste&hellip; <a class=\"more-link\" href=\"https:\/\/progresser-aux-echecs.com\/?page_id=1682\">Poursuivre la lecture <span class=\"screen-reader-text\">Dvoretsky M., Secrets of Chess Tactics<\/span><\/a><\/p>\n","protected":false},"author":1,"featured_media":0,"parent":0,"menu_order":0,"comment_status":"closed","ping_status":"closed","template":"","meta":{"footnotes":""},"class_list":["post-1682","page","type-page","status-publish","hentry","entry"],"_links":{"self":[{"href":"https:\/\/progresser-aux-echecs.com\/index.php?rest_route=\/wp\/v2\/pages\/1682","targetHints":{"allow":["GET"]}}],"collection":[{"href":"https:\/\/progresser-aux-echecs.com\/index.php?rest_route=\/wp\/v2\/pages"}],"about":[{"href":"https:\/\/progresser-aux-echecs.com\/index.php?rest_route=\/wp\/v2\/types\/page"}],"author":[{"embeddable":true,"href":"https:\/\/progresser-aux-echecs.com\/index.php?rest_route=\/wp\/v2\/users\/1"}],"replies":[{"embeddable":true,"href":"https:\/\/progresser-aux-echecs.com\/index.php?rest_route=%2Fwp%2Fv2%2Fcomments&post=1682"}],"version-history":[{"count":2,"href":"https:\/\/progresser-aux-echecs.com\/index.php?rest_route=\/wp\/v2\/pages\/1682\/revisions"}],"predecessor-version":[{"id":3309,"href":"https:\/\/progresser-aux-echecs.com\/index.php?rest_route=\/wp\/v2\/pages\/1682\/revisions\/3309"}],"wp:attachment":[{"href":"https:\/\/progresser-aux-echecs.com\/index.php?rest_route=%2Fwp%2Fv2%2Fmedia&parent=1682"}],"curies":[{"name":"wp","href":"https:\/\/api.w.org\/{rel}","templated":true}]}}